on divisor of v and o.
11
Let c(f) = -2*f - 4. Let z be c(-3). Suppose 3*l - 12 = -z*w, -l + 0*l = -w + 6. Let t = 17 + -8. Calculate the greatest common divisor of t and w.
3
Let b(l) = -l**2 - 8*l + 1. Let m be b(-5). Let c = m + -8. Let d(w) = -w + 1. Let x be d(-3). What is the greatest common divisor of c and x?
4
Suppose m = 76 - 11. Calculate the greatest common divisor of 13 and m.
13
Suppose 2*i + 2 = 5*p + 9, 0 = 4*i + 16. Let j be (-2 - -78) + 3/p. What is the highest common divisor of 15 and j?
15
Suppose 69 = -h + 82. Suppose -4*s + 161 = -47. What is the highest common divisor of s and h?
13
Let q be 6/9 - 8/(-6). Suppose -4 = l + b, q*l - b = -0*l - 23. Let w = l + 21. What is the highest common divisor of w and 84?
12
Suppose 4*g - 8 = 8. Suppose g*j + j + i = 184, 3*j = 4*i + 92. Calculate the highest common factor of 24 and j.
12
Let i(d) = 4*d - 15. Let t be i(6). Calculate the greatest common divisor of t and 36.
9
Let f be 10*(36/(-15) + 3). Let c = f + -4. Calculate the greatest common factor of c and 4.
2
Let k(z) = -z**3 + 15*z**2 - 14*z + 15. Let w be k(14). What is the highest common factor of 150 and w?
15
Let w = -29 - -31. What is the highest common divisor of w and 22?
2
Suppose 0 = -2*i - 1 - 3, -23 = -5*g - i. Let x be 57/g + 6/(-15). Calculate the greatest common divisor of 77 and x.
11
Suppose -4*r = -c + 30, 0 = c + 3*c - 2*r - 106. What is the highest common divisor of 13 and c?
13
Let t(s) = 2*s + 6. Let h be t(10). Calculate the highest common divisor of h and 182.
26
Suppose 2*m = a - 162, 5*m = 3*a - 115 - 290. Let v = 322 + -487. Let y = m - v. What is the greatest common divisor of 12 and y?
12
Let n be 6/(-3*(-22)/30 + -2). Suppose 0*l - 4*l = -1080. Calculate the highest common factor of l and n.
30
Suppose 3*q - 21 = 36. Calculate the greatest common divisor of q and 38.
19
Suppose 3*m = -2*p + 4, 5*p + 0*m = 4*m + 10. Suppose 1 = p*l - 1. What is the greatest common factor of 11 and l?
1
Let x be ((-500)/15)/((-2)/3). What is the greatest common divisor of x and 10?
10
Let n be (16/(-10))/((-4)/140). What is the highest common divisor of n and 7?
7
Suppose -c = -2*p + 3*c + 72, -5*c + 97 = 3*p. What is the greatest common divisor of p and 85?
17
Let c(t) = 2*t + 5. Let b be c(4). Suppose -6 - 2 = -i. Let l(d) = 10*d + 11. Let q be l(i). Calculate the greatest common divisor of b and q.
13
Suppose 5*x - 33 = 3*x - 3*t, -5*x = t - 115. What is the greatest common factor of 12 and x?
12
Let o = 39 + -11. Calculate the highest common factor of 14 and o.
14
Let p be (6 + -20)*816/(-28). Calculate the highest common divisor of p and 51.
51
Let z(s) = 9*s**2 - 7*s + 6. Let o be z(1). Let v be 1/2 - 77/2. Let q = v + 62. Calculate the highest common factor of o and q.
8
Let s = 19 + 1. Let a be -1 + -1 + -22 + 3. Let n = 41 + a. What is the highest common factor of s and n?
20
Suppose -4*m + k + 77 + 35 = 0, -3*k = -4*m + 112. Let j(i) = 2*i**2 + 2*i + 2. Let u be j(-3). Calculate the greatest common factor of u and m.
14
Let g(s) = -s**3 - 5*s**2 - 4*s - 3. Let j be g(-4). Let h = j - -6. Calculate the highest common factor of h and 3.
3
Let l = 19 - 1. Let z be ((-21)/2)/(l/(-48)). Calculate the highest common factor of z and 14.
14
Let j = 6 - -18. What is the highest common factor of j and 8?
8
Let x(v) = -2*v**3 - 3*v**2 - 4*v + 4. Let g be 0 - (0 + 2)*-2. Let n be x(g). Let k = -78 - n. What is the greatest common divisor of 10 and k?
10
Let u be -70*2/(-4)*1. Suppose -8*c + 23 = -5*c - 4*n, 3*c = n + 17. Calculate the greatest common factor of u and c.
5
Suppose 5*w - w = 48. Suppose 9*a - 93 = 10*a. Let n = 141 + a. Calculate the highest common factor of w and n.
12
Let t = 7 - 3. Let v(x) be the first derivative of 32*x**3/3 + x**2/2 - x + 1. Let l be v(1). Calculate the highest common factor of t and l.
4
Suppose -3*n = -115 - 305. What is the highest common divisor of n and 20?
20
Suppose 7*b - 2*b + 45 = 0. Let q be (20/(-6))/(2/b). Suppose -17*f = -13*f - 600. Calculate the greatest common factor of q and f.
15
Suppose 5*f - 8*f + 81 = 0. Let q(o) = -5*o + 2. Let d be q(-6). Let z = -5 + d. Calculate the greatest common factor of f and z.
27
Let j(q) = q**2 + 2*q + 4. Let d(k) = -2*k**3. Let g be d(-1). Let c be ((-25)/20)/(g/(-8)). Let x be j(c). What is the highest common divisor of x and 13?
13
Let t = -479 - -160. Let r = t - -455. What is the highest common divisor of r and 17?
17
Suppose 33 - 87 = -3*n. Suppose 0 = 2*p - 7*p + 45. Calculate the highest common divisor of n and p.
9
Suppose 28 = 8*t - t. Let q be 1/4 - (-7)/4. Suppose f + 7*b - 6 = 2*b, -q*f + 3*b = 1. Calculate the highest common factor of f and t.
1
Let f(v) = v + 16. Let k be f(-6). What is the highest common divisor of 80 and k?
10
Suppose 5*o = 3*o + 46. Suppose 0 = -z + 11 - 0. Let y = o - z. What is the highest common divisor of 8 and y?
4
Let f be (-4)/(-10) - (-894)/15. Calculate the greatest common divisor of 24 and f.
12
Let k(u) = -5*u - 6. Let z be k(10). Let q = z + 168. What is the highest common factor of 16 and q?
16
Let w be (-3 - -2) + 2*2. Suppose 65 = z - 0*z - 5*p, 95 = 2*z - w*p. Suppose -m + z = m. What is the greatest common divisor of 4 and m?
4
Let p = 8 + 6. Let c(l) = 6*l**2 + 3*l - 9. Let q be c(2). Calculate the greatest common factor of q and p.
7
Let o = 1 - -10. Let j = 123 - 24. What is the greatest common factor of j and o?
11
Let f = 12 - -18. Let t(v) = 2*v + 4. Let d be t(3). What is the highest common factor of d and f?
10
Let s(q) = 5*q - 32. Let h be s(9). Calculate the highest common divisor of h and 117.
13
Let u = 66 - 65. Calculate the highest common divisor of 1 and u.
1
Suppose i - 6*i - 45 = -n, 163 = 4*n - 3*i. Calculate the greatest common factor of 8 and n.
8
Suppose -5*l = -2*w - w - 22, 0 = 2*l - 5*w - 24. Suppose 0 = -l*i - i + 3. What is the highest common factor of 11 and i?
1
Suppose h + 30 = -3*c + 74, c - 8 = h. Let u = 25 - c. Calculate the greatest common factor of 12 and u.
12
Let c(z) = z**2 + z. Let x be c(5). Calculate the highest common factor of x and 45.
15
Let o be (36/5)/((-8)/(-20)). What is the highest common divisor of o and 72?
18
Let v be 1*2/4*76. Let d = v - 11. Calculate the greatest common factor of 3 and d.
3
Let h be 98/(-21)*18/(-7). Let m = 5 + -3. Suppose 5*x = z + 231 - 52, m*z = x - 34. Calculate the greatest common factor of x and h.
12
Let w be 120/50 + 4/(-10). Suppose 2*b = 3*r - 31, 3*b - 7*b = w*r - 42. Calculate the highest common factor of 13 and r.
13
Let d = -5 - -14. Suppose -87 - d = -3*a. Calculate the highest common factor of a and 4.
4
Let m = 279 - 127. What is the highest common factor of 19 and m?
19
Let g(z) = z**2 - z - 20. Let x be g(6). What is the highest common factor of x and 90?
10
Let y be ((-6)/4)/(4/(-40)). What is the highest common divisor of y and 30?
15
Suppose 2*t + 0*t - 70 = 2*b, -10 = -5*b. Let d = 55 - t. Calculate the greatest common factor of d and 90.
18
Let r(f) = f**2 - 4*f. Let i be r(6). Calculate the highest common factor of i and 12.
12
Let d be ((-8)/2)/((-10)/25). What is the greatest common factor of 50 and d?
10
Suppose 4*v - v + 45 = y, 0 = 3*y + 4*v - 83. Calculate the greatest common factor of 55 and y.
11
Let z = -3 + 8. Suppose 35 = z*g - 0*g. Suppose -3*u = -p + 31, -3*u = p - 6 - g. What is the greatest common factor of p and 2?
2
Suppose 2*c + 26 = 4*j, 5*j - 1 = -4*c + 12. Suppose -223 - 30 = -j*r + h, h = r - 53. Calculate the greatest common factor of 10 and r.
10
Let f(w) = 2*w**2 - 3*w - 5. Let n be f(4). Suppose 4*g - 5*q + 11 = 35, 2*g - 3*q = 12. Calculate the highest common factor of n and g.
3
Let i(v) = v**3 + 5*v**2 + 2*v - 4. Let y be (-2)/((-3)/2 + 2). Let j be i(y). Suppose -2*l = -10 - j. What is the greatest common divisor of l and 63?
7
Let a = 121 - -1. Let c = -65 + a. What is the greatest common factor of c and 19?
19
Let a(c) = 2*c**2 + c - 3. Let x be a(4). Calculate the highest common divisor of 22 and x.
11
Let q be (-2 + 1)/(1 - 0). Let h(o) = 4*o**2 + 2*o + 1. Let a be h(q). What is the highest common factor of 2 and a?
1
Let m = -9 + 13. Suppose -3*a - 2*a + 168 = -4*k, 0 = -m*a - 5*k + 159. Suppose -16 = -5*l + 44. Calculate the highest common fa